{"id":136,"date":"2017-03-26T21:52:37","date_gmt":"2017-03-26T21:52:37","guid":{"rendered":"http:\/\/www.stokmarknes.org\/sskole-wp\/?page_id=136"},"modified":"2017-03-26T21:52:37","modified_gmt":"2017-03-26T21:52:37","slug":"elevradet","status":"publish","type":"page","link":"https:\/\/www.sandnesms.no\/index.php\/elevradet\/","title":{"rendered":"Elevr\u00e5det"},"content":{"rendered":"<p><em>&laquo;Alle skular skal ha elevr\u00e5d Det er elevr\u00e5det si oppg\u00e5ve \u00e5 representere elevane p\u00e5 skulen overfor rektor og andre som bestemmer p\u00e5 skulen. Det betyr at viss det er noe du ikkje er forn\u00f8gd med p\u00e5 skulen, kan du ta saka opp i elevr\u00e5det. Elevr\u00e5det kan f.eks: \u2022 v\u00e6re med p\u00e5 \u00e5 bestemme reglar p\u00e5 skulen \u2022 seie fr\u00e5 viss det er ekle do eller d\u00e5rlig luft p\u00e5 skulen \u2022 fortelje l\u00e6rarane korleis elevane vil at undervisninga skal v\u00e6re&raquo;<\/em><\/p>\n<p style=\"text-align: right;\">Barneombudet.no 18.03.2015<\/p>\n<p style=\"text-align: left;\">Elevr\u00e5d er et viktig demokratisk organ. Det er en del av elevenes medbestemmelsesrett. Skoler er pliktig if\u00f8lge oppl\u00e6ringsloven til \u00e5 ha et elevr\u00e5d med elever fra i hvert fall 5-7.trinn. Vi synes elevr\u00e5d er s\u00e5pass viktig at vi \u00f8nsker alle klassetrinn representert. Hvert \u00e5r velges derfor representanter fra hver gruppe til elevr\u00e5det.<\/p>\n<p style=\"text-align: left;\"><strong>Elevr\u00e5dets oppgaver:<\/strong><\/p>\n<ul>\n<li>Elevr\u00e5det skal jobbe med saker som ang\u00e5r elevene ved skolen.<\/li>\n<li>Elevr\u00e5det er et forum der de tillitsvalgte fra alle gruppene diskuterer hvordan elevene f\u00e5r innflytelse i l\u00e6ringssp\u00f8rsm\u00e5l, om l\u00e6rer-elevsamarbeidet ved skolen er godt nok, osv.<\/li>\n<li>Elevr\u00e5det tar ogs\u00e5 opp saker som ang\u00e5r skoleadministrasjonen.<\/li>\n<li>I elevr\u00e5det f\u00e5r tillitselevene innspill og r\u00e5d fra andre til hvilke saker en kan jobbe med i klassene.<\/li>\n<\/ul>\n","protected":false},"excerpt":{"rendered":"<p>&laquo;Alle skular skal ha elevr\u00e5d Det er elevr\u00e5det si oppg\u00e5ve \u00e5 representere elevane p\u00e5 skulen overfor rektor og andre som bestemmer p\u00e5 skulen. Det betyr at viss det er noe du ikkje er forn\u00f8gd med p\u00e5 skulen, kan du ta saka opp i elevr\u00e5det. Elevr\u00e5det kan f.eks: \u2022 v\u00e6re med p\u00e5 \u00e5 bestemme reglar p\u00e5 <a href=\"https:\/\/www.sandnesms.no\/index.php\/elevradet\/\" rel=\"nofollow\"><span class=\"sr-only\">Les mer omElevr\u00e5det<\/span>[&hellip;]<\/a><\/p>\n","protected":false},"author":1,"featured_media":0,"parent":0,"menu_order":0,"comment_status":"closed","ping_status":"closed","template":"","meta":{"footnotes":""},"class_list":["post-136","page","type-page","status-publish","hentry"],"_links":{"self":[{"href":"https:\/\/www.sandnesms.no\/index.php\/wp-json\/wp\/v2\/pages\/136","targetHints":{"allow":["GET"]}}],"collection":[{"href":"https:\/\/www.sandnesms.no\/index.php\/wp-json\/wp\/v2\/pages"}],"about":[{"href":"https:\/\/www.sandnesms.no\/index.php\/wp-json\/wp\/v2\/types\/page"}],"author":[{"embeddable":true,"href":"https:\/\/www.sandnesms.no\/index.php\/wp-json\/wp\/v2\/users\/1"}],"replies":[{"embeddable":true,"href":"https:\/\/www.sandnesms.no\/index.php\/wp-json\/wp\/v2\/comments?post=136"}],"version-history":[{"count":1,"href":"https:\/\/www.sandnesms.no\/index.php\/wp-json\/wp\/v2\/pages\/136\/revisions"}],"predecessor-version":[{"id":138,"href":"https:\/\/www.sandnesms.no\/index.php\/wp-json\/wp\/v2\/pages\/136\/revisions\/138"}],"wp:attachment":[{"href":"https:\/\/www.sandnesms.no\/index.php\/wp-json\/wp\/v2\/media?parent=136"}],"curies":[{"name":"wp","href":"https:\/\/api.w.org\/{rel}","templated":true}]}}